 19 - 18. Calculate the remainder when v is divided by i.
0
Suppose 40 = 8*a + 8. What is the remainder when a is divided by 3?
1
Let i = 56 + -32. Calculate the remainder when 51 is divided by i.
3
What is the remainder when (75/10 - 2)/(1/2) is divided by 3?
2
Let p(t) = 9*t - 7. What is the remainder when 333 is divided by p(7)?
53
Suppose -4*j + 25 = -5*c, 0 = -4*j - 0*c - 3*c + 17. What is the remainder when j is divided by 5?
0
Let b = -4 + 5. What is the remainder when 18 is divided by (2 - 1)*10/b?
8
Suppose -79 = -3*h - 16. What is the remainder when 742/h + (-2)/(-3) is divided by 13?
10
Suppose -42 - 38 = 5*z. Calculate the remainder when (17/(-2))/(8/z) is divided by 9.
8
Calculate the remainder when (-270)/(-14) + 4 + 4/(-14) is divided by 10.
3
Suppose -20 = 4*u + 2*k - 790, -5*k = 4*u - 785. Suppose -70 + u = 5*c. Calculate the remainder when 45 is divided by c.
21
Let t(g) = g**2 + 5*g - 28. What is the remainder when 14 is divided by t(-9)?
6
Let y = -74 + 105. Calculate the remainder when y is divided by 17.
14
Let a(w) = 4*w + 1. Let k be a(-1). What is the remainder when 62 is divided by 517/33 + (-1)/k?
14
Let y(k) = 2*k**2 + 3*k**2 + 4*k**2 + 1 + 2*k - k**3. Calculate the remainder when 37 is divided by y(9).
18
Suppose 0 = 3*m - x + 55, -3*m + 5 - 61 = -2*x. Let y = 32 + m. Calculate the remainder when 26 is divided by y.
12
Let z = 29 + -34. Let d(t) = -4*t - 6*t + t + 6. What is the remainder when d(z) is divided by 13?
12
Let w(m) = -3*m + 4. Let c be w(-5). Suppose 0 = -n + c + 1. Let a(i) = i**3 + i**2 - 4*i - 5. Calculate the remainder when a(4) is divided by n.
19
Let o(a) be the second derivative of a**3/2 - a**2/2 + a. What is the remainder when o(3) is divided by 3?
2
Let t be (-4 - 1/(-2))*2. Let q(h) = 2*h**2 + 11*h - 8. Calculate the remainder when 22 is divided by q(t).
9
Let c(d) = -5*d**3 + 4. Let v = -54 - -77. Calculate the remainder when c(-2) is divided by v.
21
Let k(f) = -f**3 + 29*f**2 - f + 35. Calculate the remainder when k(29) is divided by 6.
0
Let z be (2/4)/((-2)/4). Let u be z/(-2) - 3/2. Let y = u + 17. What is the remainder when 46 is divided by y?
14
Let x(d) = d**3 + 3*d**2 + 3*d + 3. Let z be x(-2). Let f = 9 + z. Calculate the remainder when 25 is divided by f.
5
Suppose -20 = -4*g - g. What is the remainder when g/22 - (-1116)/33 is divided by 12?
10
Suppose 0 = -z + 2*z + 1, 5*z = -3*r + 4. What is the remainder when 16 is divided by r?
1
Let h be (-2428)/(-24) - 2/12. Let v be (1 - 2)*-2 + 0. Suppose -31 = v*r - h. What is the remainder when r is divided by 12?
11
Let j = 216 - 195. What is the remainder when 60 is divided by j?
18
Suppose -3*r + 53 = 8*o - 3*o, 0 = -2*o + 5*r + 46. What is the remainder when 37 is divided by o?
11
Let g = -44 - -63. What is the remainder when g is divided by 11?
8
Suppose -w + 160 = v + 3*v, -12 = 3*w. What is the remainder when 122 is divided by v?
40
Let y be (0/(-3))/3 - -3. Suppose -25 = 5*o - 5*g, 2*o - y*g - 10 = -6*g. Let u = 9 + o. What is the remainder when 22 is divided by u?
6
Suppose -203 = -6*y + 25. What is the remainder when y is divided by 10?
8
Let h be (-2)/8 - 18/(-8). Suppose -3*n + 8*n - 44 = -2*j, -h*n = -5*j + 139. Calculate the remainder when j is divided by 14.
13
Suppose -514 = -5*s + u + 59, 0 = s + u - 117. Calculate the remainder when s is divided by 13.
11
Suppose -4*u + 39 = -3*x - 7*u, -x = 4*u + 7. Let t = 10 - -1. What is the remainder when 6/x*8*-10 is divided by t?
10
Let p = 0 + 2. Suppose -c - p*c = -42. Calculate the remainder when 27 is divided by c.
13
Calculate the remainder when 59 is divided by (-3)/(3*4/(-60)).
14
Suppose -5*q - 3*k + 70 = 0, 3*k + 41 = 3*q + 5*k. What is the remainder when (-6)/(-6)*(48 - -1) is divided by q?
15
Let f(n) = n + 3. Calculate the remainder when f(1) is divided by 2.
0
Let u(d) = 3*d - 10. Let h be u(4). Suppose h*s + 0 - 2 = 0. What is the remainder when 3 is divided by s?
0
Suppose -3*j = j + 16. Let v(y) = -2*y - 4. Let x be v(j). Suppose x*q = -2*i + 20, -q - 13 = -4*q - i. What is the remainder when q is divided by 2?
1
Suppose 0 = -4*v + 5*x + 368, 423 = 5*v + 5*x - 2*x. Let g = 73 - 51. Calculate the remainder when v is divided by g.
21
Suppose a - 81 = -2*a. What is the remainder when 105 is divided by a?
24
Let y = 20 + -11. Let l = 45 - 40. What is the remainder when y is divided by l?
4
Calculate the remainder when (-212)/(-10) - (-3)/(-15) is divided by ((-52)/(-12) + -3)*6.
5
Suppose 4*s = -2*q + 84, -s + 2*q = -4*s + 63. Calculate the remainder when s is divided by 8.
5
Suppose 3*j - 4*j + 11 = 0. Calculate the remainder when 21 is divided by j.
10
Let b(a) = 3*a**3 - 4*a**2 + 2*a + 2. Let o(r) be the second derivative of -r**3/2 - 2*r**2 + 4*r. What is the remainder when b(2) is divided by o(-4)?
6
Suppose -3*w = 2*w - 65. Let j(v) = 3*v. What is the remainder when j(8) is divided by w?
11
Suppose -4*g - 3*d = -18, -2*d - 7 = -2*g + 9. Suppose 0 = -10*x + g*x + 340. What is the remainder when x is divided by 29?
27
Let o(i) = 16*i + 0*i + 1 - 11. What is the remainder when o(4) is divided by 14?
12
Let b(j) = j**3 - 4*j + 4. Suppose 0 = -3*v + 10 + 20. What is the remainder when b(3) is divided by v?
9
Let j = 10 + -4. What is the remainder when 38 is divided by (7 - j)*(1 - -19)?
18
Let s be (-2)/(-5) - (-2598)/30. Let x = 125 - s. What is the remainder when x is divided by 13?
12
Let l = -132 - -145. Calculate the remainder when 38 is divided by l.
12
Let p(y) be the first derivative of y**4/12 - y**3/6 + y**2/2 - 2. Let w(b) be the second derivative of p(b). What is the remainder when 5 is divided by w(2)?
2
Suppose -2*f - f + 18 = 0. Suppose -3*p + 2*p + 2*b - 4 = 0, 5*p + 5*b = 40. What is the remainder when f is divided by p?
2
Suppose 20 = 8*g - 3*g. Let n(a) = a**2 - a + 2. Calculate the remainder when n(g) is divided by 5.
4
Calculate the remainder when ((-50)/(-6))/(6/18) is divided by 7.
4
Let q = -228 - -332. Calculate the remainder when q is divided by 21.
20
Let l be (-2)/(-9) - (-97)/9. Let p(v) = -v**3 + 12*v**2 - 8*v + 8. What is the remainder when p(l) is divided by 21?
20
Let f(y) = -2*y + 9. Calculate the remainder when f(-5) is divided by 10.
9
Suppose -3*m = 55 - 247. What is the remainder when m is divided by 13?
12
Suppose 4*n - 6*n + 26 = 0. Let a = 25 - n. Calculate the remainder when a is divided by 1 + 5 - 1*-1.
5
Suppose -4*f - t + 29 = 0, 3*t + 13 + 2 = 5*f. Let q(p) = -p**3 + 6*p**2 - p - 4. Let a be 5 + (4/(-2) - -2). Calculate the remainder when q(a) is divided by f.
4
Suppose 3*n - 5*n + 4 = 0. Suppose -x = n*x - 117. Calculate the remainder when 75 is divided by x.
36
Let u be -45*3/(-3*1). Suppose 5*i - c - 140 = 0, 11 = -i - c + u. What is the remainder when i is divided by 15?
14
Suppose 7 = -2*g + 3*g. Let c(h) be the first derivative of 4*h**3/3 - 3*h - 7. What is the remainder when c(2) is divided by g?
6
Suppose 5*z - 2 = 23. Let k(n) = 21*n - 2. Calculate the remainder when k(z) is divided by 26.
25
Suppose 1 + 71 = 3*d. Calculate the remainder when d is divided by 9.
6
Let w = 65 + -52. Calculate the remainder when 192 is divided by w.
10
Let g = 14 - 9. What is the remainder when 44 is divided by g?
4
Let o = -9 + 3. Calculate the remainder when 17 is divided by (-4)/3 + (-44)/o.
5
Let k = -86 - -93. What is the remainder when (-38)/(-3) - (-4)/(-6) is divided by k?
5
Let a be 30/(-25)*10/(-2). Let l = a - -1. Calculate the remainder when 19 is divided by l.
5
Suppose -3*j + 36 = -2*q, 0 = -4*j + 3*q - q + 46. Calculate the remainder when 18 is divided by j.
8
Suppose -55 = -8*v + 3*v. What is the remainder when 30 is divided by v?
8
Let b(u) = u**2 + 18*u + 3. Calculate the remainder when 8 is divided by b(-18).
2
Suppose -4*s + 2 = -3*s. Suppose 4*n = -5*j + 34, -2*n + s = -3*j - 2*j. Calculate the remainder when 11 is divided by n.
5
What is the remainder when (-37)/(2 - 1)*(-1)/1 is divided by 13?
11
Let m = -6 - -8. Let c(h) = -h**3 + h**2 - 5*h + 3. Let o(r) = r. Let t(d) = -c(d) - 3*o(d). What is the remainder when t(m) is divided by 2?
1
Suppose -i + 42 = i. Let b(v) = -v**2 + 7*v + 8. What is the remainder when i is divided by b(7)?
5
Let p = -23 - -65. Calculate the remainder when p is divided by 23.